{"id":22,"date":"2025-03-25T18:29:26","date_gmt":"2025-03-25T18:29:26","guid":{"rendered":"https:\/\/tarlagirona.com\/?page_id=22"},"modified":"2025-04-16T11:59:45","modified_gmt":"2025-04-16T11:59:45","slug":"politica-de-privacidad","status":"publish","type":"page","link":"https:\/\/tarlagirona.com\/ca\/politica-de-privacidad\/","title":{"rendered":"Pol\u00edtica de Privadesa"},"content":{"rendered":"<div data-elementor-type=\"wp-page\" data-elementor-id=\"22\" class=\"elementor elementor-22\" data-elementor-post-type=\"page\">\n\t\t\t\t<div class=\"elementor-element elementor-element-98ab1e1 e-flex e-con-boxed e-con e-parent\" data-id=\"98ab1e1\" data-element_type=\"container\" data-settings=\"{&quot;background_background&quot;:&quot;classic&quot;}\">\n\t\t\t\t\t<div class=\"e-con-inner\">\n\t\t\t\t<div class=\"elementor-element elementor-element-3a57c25 elementor-widget elementor-widget-heading\" data-id=\"3a57c25\" data-element_type=\"widget\" data-widget_type=\"heading.default\">\n\t\t\t\t<div class=\"elementor-widget-container\">\n\t\t\t\t\t<h2 class=\"elementor-heading-title elementor-size-default\">Pol\u00edtica de Privadesa<\/h2>\t\t\t\t<\/div>\n\t\t\t\t<\/div>\n\t\t\t\t\t<\/div>\n\t\t\t\t<\/div>\n\t\t<div class=\"elementor-element elementor-element-4ce35f2 e-flex e-con-boxed e-con e-parent\" data-id=\"4ce35f2\" data-element_type=\"container\">\n\t\t\t\t\t<div class=\"e-con-inner\">\n\t\t\t\t<div class=\"elementor-element elementor-element-179a5a6 elementor-widget elementor-widget-text-editor\" data-id=\"179a5a6\" data-element_type=\"widget\" data-widget_type=\"text-editor.default\">\n\t\t\t\t<div class=\"elementor-widget-container\">\n\t\t\t\t\t\t\t\t\t\n<p><strong>1.- INFORMACI\u00d3 A L&#039;USUARI<\/strong><\/p>\n\n<p>El lloc web informa els usuaris del lloc web sobre la seva pol\u00edtica respecte al tractament i la protecci\u00f3 de les dades de car\u00e0cter personal dels usuaris i clients que puguin ser sol\u00b7licitats per la navegaci\u00f3 a trav\u00e9s del seu lloc web.<\/p>\n\n<p>El lloc web \u00e9s el Responsable del tractament de les dades personals de l&#039;usuari, per la qual cosa se us facilita la seg\u00fcent informaci\u00f3 referent al tractament de les vostres dades:<\/p>\n\n<p><strong>Criteris de conservaci\u00f3 de les dades:<\/strong>\u00a0Les dades personals proporcionades es conservaran fins que no se sol\u00b7licite la suspensi\u00f3 per part de linteressat, exercint els seus drets sobre les dades, i en qualsevol cas en compliment de terminis legals de prescripci\u00f3 que li siguin aplicables.<\/p>\n\n<p><strong>Drets dels interessats:<\/strong><\/p>\n\n<p>Dret a retirar-ne el consentiment en qualsevol moment.<br \/>Dret d&#039;acc\u00e9s, rectificaci\u00f3, supressi\u00f3, portabilitat de les vostres dades, ia la limitaci\u00f3 o oposici\u00f3 del vostre tractament, aix\u00ed com no ser objecte de decisions individuals automatitzades.<\/p>\n\n<p><strong>Dades de contacte per exercir els seus drets:<\/strong><\/p>\n\n<ul class=\"wp-block-list\">\n<li><strong>Empresa:<\/strong> TARL\u00c0 GIRONA SL<\/li>\n<li><strong>Domicili:<\/strong> Pla\u00e7a del vi n\u00famero 11, 17004 Girona<br \/>B19469279<\/li>\n<li><strong>Mail:<\/strong> <a href=\"mailto:info@tarlagirona.com\" target=\"_blank\" rel=\"noopener\"><strong>info@tarlagirona.com<\/strong><\/a><\/li>\n<\/ul>\n<p>\u00a0<\/p>\n\n<p><strong>2.- INFORMACI\u00d3 FACILITADA PER L&#039;USUARI<\/strong><\/p>\n\n<p>Si \u00e9s menor de 18 anys, no es permet l&#039;\u00fas de formularis a la nostra web.<\/p>\n\n<p>Els Usuaris, introduint les seves dades als formularis de contacte o presentats en formularis de desc\u00e0rrega, accepten expressament i de forma lliure i inequ\u00edvoca, que les seves dades s\u00f3n necess\u00e0ries per atendre la seva petici\u00f3, per part del Responsable, sent volunt\u00e0ria la inclusi\u00f3 de dades als camps restants.<\/p>\n\n<p>L&#039;Usuari garanteix que les dades personals facilitades s\u00f3n veraces i es fa responsable de comunicar qualsevol modificaci\u00f3.<\/p>\n\n<p>Totes les dades sol\u00b7licitades a trav\u00e9s del lloc web s\u00f3n necess\u00e0ries per prestar un servei \u00f2ptim a l&#039;Usuari. En cas que no es facilitin totes les dades, no es garanteix que la informaci\u00f3 i els serveis que El Responsable li faciliti, siguin completament ajustats a les seves necessitats.<\/p>\n\n<p><strong>3.- MESURES DE SEGURETAT<\/strong><\/p>\n\n<p>Que de conformitat amb el que disposen les normatives vigents en mat\u00e8ria de protecci\u00f3 de dades personals, El Responsable est\u00e0 complint amb totes les disposicions de les normatives RGPD i LOPD per al tractament de les dades personals de la seva responsabilitat, les quals s\u00f3n tractades de forma l\u00edcita, lleial i transparent en relaci\u00f3 amb linteressat i adequats, pertinents i limitats al que s\u00f3n necessaris en relaci\u00f3 amb els fins.<\/p>\n\n<p>El Responsable garanteix que ha implementat pol\u00edtiques t\u00e8cniques i organitzatives apropiades per aplicar les mesures de seguretat establertes pel RGPD i la LOPD per protegir els drets i les llibertats dels Usuaris i els ha comunicat la informaci\u00f3 adequada perqu\u00e8 puguin exercir-los.<\/p>\n\n<p><strong>4.- BRETXES DE SEGURETAT<\/strong><\/p>\n\n<p>El Responsable informar\u00e0 sobre qualsevol bretxa de seguretat que afecti la base de dades que utilitza aquest lloc web, o que afecti qualsevol dels nostres serveis de tercers, totes i cadascuna de les persones, dades de qu\u00e8 puguin haver estat afectats, i autoritats, dins de les 72 hores seg\u00fcents a la detecci\u00f3 de la bretxa.<\/p>\n\n<p><strong>LEGISLACI\u00d3 APLICABLE I JURISDICCI\u00d3<\/strong><\/p>\n\n<p>Per a la resoluci\u00f3 de totes les controv\u00e8rsies o q\u00fcestions relacionades amb aquest lloc web o de les activitats que es desenvolupin, ser\u00e0 daplicaci\u00f3 la legislaci\u00f3 espanyola, a la qual se sotmeten expressament les parts, sent competents per a la resoluci\u00f3 de tots els conflictes derivats o relacionats amb l\u00fas dels Jutjats i Tribunals de Barcelona.<\/p>\n\t\t\t\t\t\t\t\t<\/div>\n\t\t\t\t<\/div>\n\t\t\t\t\t<\/div>\n\t\t\t\t<\/div>\n\t\t\t\t<\/div>","protected":false},"excerpt":{"rendered":"<p>1.- INFORMACI\u00d3N AL USUARIO El sitio web informa a los usuarios del sitio web sobre su pol\u00edtica respecto al tratamiento y protecci\u00f3n de los datos de car\u00e1cter personal de los usuarios y clientes que puedan ser solicitados por la navegaci\u00f3n a trav\u00e9s de su sitio web. El sitio web es el Responsable del tratamiento de [&hellip;]<\/p>","protected":false},"author":2,"featured_media":0,"parent":0,"menu_order":0,"comment_status":"closed","ping_status":"closed","template":"elementor_header_footer","meta":{"footnotes":""},"class_list":["post-22","page","type-page","status-publish","hentry"],"_links":{"self":[{"href":"https:\/\/tarlagirona.com\/ca\/wp-json\/wp\/v2\/pages\/22","targetHints":{"allow":["GET"]}}],"collection":[{"href":"https:\/\/tarlagirona.com\/ca\/wp-json\/wp\/v2\/pages"}],"about":[{"href":"https:\/\/tarlagirona.com\/ca\/wp-json\/wp\/v2\/types\/page"}],"author":[{"embeddable":true,"href":"https:\/\/tarlagirona.com\/ca\/wp-json\/wp\/v2\/users\/2"}],"replies":[{"embeddable":true,"href":"https:\/\/tarlagirona.com\/ca\/wp-json\/wp\/v2\/comments?post=22"}],"version-history":[{"count":13,"href":"https:\/\/tarlagirona.com\/ca\/wp-json\/wp\/v2\/pages\/22\/revisions"}],"predecessor-version":[{"id":547,"href":"https:\/\/tarlagirona.com\/ca\/wp-json\/wp\/v2\/pages\/22\/revisions\/547"}],"wp:attachment":[{"href":"https:\/\/tarlagirona.com\/ca\/wp-json\/wp\/v2\/media?parent=22"}],"curies":[{"name":"wp","href":"https:\/\/api.w.org\/{rel}","templated":true}]}}

Política de Privadesa

<div data-elementor-type="wp-page" data-elementor-id="22" class="elementor elementor-22" data-elementor-post-type="page">
				<div class="elementor-element elementor-element-98ab1e1 e-flex e-con-boxed e-con e-parent" data-id="98ab1e1" data-element_type="container" data-settings="{&quot;background_background&quot;:&quot;classic&quot;}">
					<div class="e-con-inner">
				<div class="elementor-element elementor-element-3a57c25 elementor-widget elementor-widget-heading" data-id="3a57c25" data-element_type="widget" data-widget_type="heading.default">
				<div class="elementor-widget-container">
					<h2 class="elementor-heading-title elementor-size-default">Política de Privadesa</h2>				</div>
				</div>
					</div>
				</div>
		<div class="elementor-element elementor-element-4ce35f2 e-flex e-con-boxed e-con e-parent" data-id="4ce35f2" data-element_type="container">
					<div class="e-con-inner">
				<div class="elementor-element elementor-element-179a5a6 elementor-widget elementor-widget-text-editor" data-id="179a5a6" data-element_type="widget" data-widget_type="text-editor.default">
				<div class="elementor-widget-container">
									
<p><strong>1.- INFORMACIÓ A L&#039;USUARI</strong></p>

<p>El lloc web informa els usuaris del lloc web sobre la seva política respecte al tractament i la protecció de les dades de caràcter personal dels usuaris i clients que puguin ser sol·licitats per la navegació a través del seu lloc web.</p>

<p>El lloc web és el Responsable del tractament de les dades personals de l&#039;usuari, per la qual cosa se us facilita la següent informació referent al tractament de les vostres dades:</p>

<p><strong>Criteris de conservació de les dades:</strong> Les dades personals proporcionades es conservaran fins que no se sol·licite la suspensió per part de linteressat, exercint els seus drets sobre les dades, i en qualsevol cas en compliment de terminis legals de prescripció que li siguin aplicables.</p>

<p><strong>Drets dels interessats:</strong></p>

<p>Dret a retirar-ne el consentiment en qualsevol moment.<br />Dret d&#039;accés, rectificació, supressió, portabilitat de les vostres dades, ia la limitació o oposició del vostre tractament, així com no ser objecte de decisions individuals automatitzades.</p>

<p><strong>Dades de contacte per exercir els seus drets:</strong></p>

<ul class="wp-block-list">
<li><strong>Empresa:</strong> TARLÀ GIRONA SL</li>
<li><strong>Domicili:</strong> Plaça del vi número 11, 17004 Girona<br />B19469279</li>
<li><strong>Mail:</strong> <a href="mailto:info@tarlagirona.com" target="_blank" rel="noopener"><strong>info@tarlagirona.com</strong></a></li>
</ul>
<p> </p>

<p><strong>2.- INFORMACIÓ FACILITADA PER L&#039;USUARI</strong></p>

<p>Si és menor de 18 anys, no es permet l&#039;ús de formularis a la nostra web.</p>

<p>Els Usuaris, introduint les seves dades als formularis de contacte o presentats en formularis de descàrrega, accepten expressament i de forma lliure i inequívoca, que les seves dades són necessàries per atendre la seva petició, per part del Responsable, sent voluntària la inclusió de dades als camps restants.</p>

<p>L&#039;Usuari garanteix que les dades personals facilitades són veraces i es fa responsable de comunicar qualsevol modificació.</p>

<p>Totes les dades sol·licitades a través del lloc web són necessàries per prestar un servei òptim a l&#039;Usuari. En cas que no es facilitin totes les dades, no es garanteix que la informació i els serveis que El Responsable li faciliti, siguin completament ajustats a les seves necessitats.</p>

<p><strong>3.- MESURES DE SEGURETAT</strong></p>

<p>Que de conformitat amb el que disposen les normatives vigents en matèria de protecció de dades personals, El Responsable està complint amb totes les disposicions de les normatives RGPD i LOPD per al tractament de les dades personals de la seva responsabilitat, les quals són tractades de forma lícita, lleial i transparent en relació amb linteressat i adequats, pertinents i limitats al que són necessaris en relació amb els fins.</p>

<p>El Responsable garanteix que ha implementat polítiques tècniques i organitzatives apropiades per aplicar les mesures de seguretat establertes pel RGPD i la LOPD per protegir els drets i les llibertats dels Usuaris i els ha comunicat la informació adequada perquè puguin exercir-los.</p>

<p><strong>4.- BRETXES DE SEGURETAT</strong></p>

<p>El Responsable informarà sobre qualsevol bretxa de seguretat que afecti la base de dades que utilitza aquest lloc web, o que afecti qualsevol dels nostres serveis de tercers, totes i cadascuna de les persones, dades de què puguin haver estat afectats, i autoritats, dins de les 72 hores següents a la detecció de la bretxa.</p>

<p><strong>LEGISLACIÓ APLICABLE I JURISDICCIÓ</strong></p>

<p>Per a la resolució de totes les controvèrsies o qüestions relacionades amb aquest lloc web o de les activitats que es desenvolupin, serà daplicació la legislació espanyola, a la qual se sotmeten expressament les parts, sent competents per a la resolució de tots els conflictes derivats o relacionats amb lús dels Jutjats i Tribunals de Barcelona.</p>
								</div>
				</div>
					</div>
				</div>
				</div>

<p>1.- INFORMACIÓN AL USUARIO El sitio web informa a los usuarios del sitio web sobre su política respecto al tratamiento y protección de los datos de carácter personal de los usuarios y clientes que puedan ser solicitados por la navegación a través de su sitio web. El sitio web es el Responsable del tratamiento de [&hellip;]</p>
