{"id":32,"date":"2025-03-25T18:28:19","date_gmt":"2025-03-25T18:28:19","guid":{"rendered":"https:\/\/tarlagirona.com\/?page_id=32"},"modified":"2025-04-16T11:59:28","modified_gmt":"2025-04-16T11:59:28","slug":"declaracion-de-accesibilidad","status":"publish","type":"page","link":"https:\/\/tarlagirona.com\/fr\/declaracion-de-accesibilidad\/","title":{"rendered":"D\u00e9claration d&#039;accessibilit\u00e9"},"content":{"rendered":"<div data-elementor-type=\"wp-page\" data-elementor-id=\"32\" class=\"elementor elementor-32\" data-elementor-post-type=\"page\">\n\t\t\t\t<div class=\"elementor-element elementor-element-424429f e-flex e-con-boxed e-con e-parent\" data-id=\"424429f\" data-element_type=\"container\" data-settings=\"{&quot;background_background&quot;:&quot;classic&quot;}\">\n\t\t\t\t\t<div class=\"e-con-inner\">\n\t\t\t\t<div class=\"elementor-element elementor-element-78daadc elementor-widget elementor-widget-heading\" data-id=\"78daadc\" data-element_type=\"widget\" data-widget_type=\"heading.default\">\n\t\t\t\t<div class=\"elementor-widget-container\">\n\t\t\t\t\t<h2 class=\"elementor-heading-title elementor-size-default\">D\u00e9claration d&#039;accessibilit\u00e9<\/h2>\t\t\t\t<\/div>\n\t\t\t\t<\/div>\n\t\t\t\t\t<\/div>\n\t\t\t\t<\/div>\n\t\t<div class=\"elementor-element elementor-element-29eca895 e-flex e-con-boxed e-con e-parent\" data-id=\"29eca895\" data-element_type=\"container\">\n\t\t\t\t\t<div class=\"e-con-inner\">\n\t\t\t\t<div class=\"elementor-element elementor-element-63ee72f9 elementor-widget elementor-widget-text-editor\" data-id=\"63ee72f9\" data-element_type=\"widget\" data-widget_type=\"text-editor.default\">\n\t\t\t\t<div class=\"elementor-widget-container\">\n\t\t\t\t\t\t\t\t\t\n<p><strong>TARL\u00c0 GIRONA SL<\/strong> s&#039;engage \u00e0 rendre son site web accessible, conform\u00e9ment au d\u00e9cret royal 1112\/2018 du 7 septembre relatif \u00e0 l&#039;accessibilit\u00e9 des sites web et des applications mobiles du secteur public. Cette d\u00e9claration d&#039;accessibilit\u00e9 s&#039;applique \u00e0 ce site web.<\/p>\n\n<p><strong>\u00c9tat de conformit\u00e9<\/strong><\/p>\n\n<p>Ce site Web est d\u00e9velopp\u00e9 conform\u00e9ment au RD 1112\/2018<\/p>\n\n<p><strong>Pr\u00e9paration de la prochaine d\u00e9claration d&#039;accessibilit\u00e9<\/strong><\/p>\n\n<p>Cette d\u00e9claration a \u00e9t\u00e9 pr\u00e9par\u00e9e le 20 avril 2023. La m\u00e9thode utilis\u00e9e pour pr\u00e9parer la d\u00e9claration \u00e9tait une auto-\u00e9valuation.<\/p>\n\n<p><strong>Commentaires et coordonn\u00e9es<\/strong><\/p>\n\n<p>Vous pouvez faire des communications sur les exigences d&#039;accessibilit\u00e9 (article 10.2.a du RD 1112\/2018) telles que :<\/p>\n\n<ul class=\"wp-block-list\">\n<li>Signaler toute violation potentielle de ce site Web<\/li>\n\n<li>Transmettre d&#039;autres difficult\u00e9s d&#039;acc\u00e8s au contenu<\/li>\n\n<li>Faites toute autre question ou suggestion d&#039;am\u00e9lioration concernant l&#039;accessibilit\u00e9 du site Web via le formulaire de contact sur ce site Web ou via le num\u00e9ro de t\u00e9l\u00e9phone\u00a0<\/li>\n<\/ul>\n\n<p>Vous pouvez pr\u00e9senter :<\/p>\n\n<ul class=\"wp-block-list\">\n<li>Plainte concernant le respect des exigences du RD 1112\/2018<\/li>\n\n<li>Demande d&#039;information accessible concernant :\n<ul class=\"wp-block-list\">\n<li>Contenus exclus du champ d&#039;application du RD 1112\/2018 conform\u00e9ment \u00e0 ce qui est \u00e9tabli \u00e0 l&#039;article 3, section 4<\/li>\n\n<li>Contenu exempt\u00e9 de la conformit\u00e9 aux exigences d&#039;accessibilit\u00e9 pour imposer une charge disproportionn\u00e9e<\/li>\n\n<li>La demande d\u2019information accessible doit clairement \u00e9noncer les faits, les raisons et la demande afin d\u2019\u00e9tablir qu\u2019il s\u2019agit d\u2019une demande raisonnable et l\u00e9gitime.<\/li>\n<\/ul>\n<\/li>\n<\/ul>\n\n<p>Les plaintes et r\u00e9clamations concernant les informations accessibles seront faites via le si\u00e8ge \u00e9lectronique (<a href=\"https:\/\/sede.red.gob.es\/procedimientos\/quejas-y-sugerencias\" target=\"_blank\" rel=\"noopener\"><strong>https:\/\/sede.red.gob.es\/procedimientos\/quejas-y-sugerencias<\/strong><\/a>), et seront re\u00e7ues et trait\u00e9es par le d\u00e9partement des Syst\u00e8mes d&#039;Information de Red.es.<\/p>\n\n<p><strong>Contenu facultatif<\/strong><\/p>\n\n<ul class=\"wp-block-list\">\n<li>Pour modifier la taille de la police dans les principaux navigateurs graphiques, utilisez les menus suivants\u00a0:<\/li>\n\n<li>Safari\u00a0: Affichage &gt; Agrandir le texte<\/li>\n\n<li>Chrome\u00a0: Contr\u00f4ler la page actuelle &gt; Taille du texte<\/li>\n<\/ul>\n\n<p>Pour modifier la taille de tout sur la page\u00a0:<\/p>\n\n<ul class=\"wp-block-list\">\n<li>Ctrl++ pour l&#039;augmenter<\/li>\n\n<li>Ctrl + \u2013 pour le diminuer<\/li>\n\n<li>Ctrl + 0 restaure la taille du texte d&#039;origine<\/li>\n\n<li>Si vous souhaitez remplacer la feuille de style ou modifier la couleur du texte, vous pouvez consulter la page Comment modifier la taille ou les couleurs du texte du WAI, qui peut \u00eatre lue traduite en espagnol comme Comment modifier la taille ou les couleurs du texte ?<\/li>\n<\/ul>\n\t\t\t\t\t\t\t\t<\/div>\n\t\t\t\t<\/div>\n\t\t\t\t\t<\/div>\n\t\t\t\t<\/div>\n\t\t\t\t<\/div>","protected":false},"excerpt":{"rendered":"<p>TARL\u00c0 GIRONA SL s&#039;engage \u00e0 rendre son site web accessible, conform\u00e9ment au D\u00e9cret Royal 1112\/2018 du 7 septembre relatif \u00e0 l&#039;accessibilit\u00e9 des sites internet et des applications mobiles du secteur public. La pr\u00e9sente d\u00e9claration d&#039;accessibilit\u00e9 s&#039;applique \u00e0 ce site web. \u00c9tat de conformit\u00e9\u00a0: Ce site web est d\u00e9velopp\u00e9 conform\u00e9ment au D\u00e9cret Royal [\u2026]<\/p>","protected":false},"author":2,"featured_media":0,"parent":0,"menu_order":0,"comment_status":"closed","ping_status":"closed","template":"elementor_header_footer","meta":{"footnotes":""},"class_list":["post-32","page","type-page","status-publish","hentry"],"_links":{"self":[{"href":"https:\/\/tarlagirona.com\/fr\/wp-json\/wp\/v2\/pages\/32","targetHints":{"allow":["GET"]}}],"collection":[{"href":"https:\/\/tarlagirona.com\/fr\/wp-json\/wp\/v2\/pages"}],"about":[{"href":"https:\/\/tarlagirona.com\/fr\/wp-json\/wp\/v2\/types\/page"}],"author":[{"embeddable":true,"href":"https:\/\/tarlagirona.com\/fr\/wp-json\/wp\/v2\/users\/2"}],"replies":[{"embeddable":true,"href":"https:\/\/tarlagirona.com\/fr\/wp-json\/wp\/v2\/comments?post=32"}],"version-history":[{"count":16,"href":"https:\/\/tarlagirona.com\/fr\/wp-json\/wp\/v2\/pages\/32\/revisions"}],"predecessor-version":[{"id":538,"href":"https:\/\/tarlagirona.com\/fr\/wp-json\/wp\/v2\/pages\/32\/revisions\/538"}],"wp:attachment":[{"href":"https:\/\/tarlagirona.com\/fr\/wp-json\/wp\/v2\/media?parent=32"}],"curies":[{"name":"wp","href":"https:\/\/api.w.org\/{rel}","templated":true}]}}

Déclaration d&#039;accessibilité

<div data-elementor-type="wp-page" data-elementor-id="32" class="elementor elementor-32" data-elementor-post-type="page">
				<div class="elementor-element elementor-element-424429f e-flex e-con-boxed e-con e-parent" data-id="424429f" data-element_type="container" data-settings="{&quot;background_background&quot;:&quot;classic&quot;}">
					<div class="e-con-inner">
				<div class="elementor-element elementor-element-78daadc elementor-widget elementor-widget-heading" data-id="78daadc" data-element_type="widget" data-widget_type="heading.default">
				<div class="elementor-widget-container">
					<h2 class="elementor-heading-title elementor-size-default">Déclaration d&#039;accessibilité</h2>				</div>
				</div>
					</div>
				</div>
		<div class="elementor-element elementor-element-29eca895 e-flex e-con-boxed e-con e-parent" data-id="29eca895" data-element_type="container">
					<div class="e-con-inner">
				<div class="elementor-element elementor-element-63ee72f9 elementor-widget elementor-widget-text-editor" data-id="63ee72f9" data-element_type="widget" data-widget_type="text-editor.default">
				<div class="elementor-widget-container">
									
<p><strong>TARLÀ GIRONA SL</strong> s&#039;engage à rendre son site web accessible, conformément au décret royal 1112/2018 du 7 septembre relatif à l&#039;accessibilité des sites web et des applications mobiles du secteur public. Cette déclaration d&#039;accessibilité s&#039;applique à ce site web.</p>

<p><strong>État de conformité</strong></p>

<p>Ce site Web est développé conformément au RD 1112/2018</p>

<p><strong>Préparation de la prochaine déclaration d&#039;accessibilité</strong></p>

<p>Cette déclaration a été préparée le 20 avril 2023. La méthode utilisée pour préparer la déclaration était une auto-évaluation.</p>

<p><strong>Commentaires et coordonnées</strong></p>

<p>Vous pouvez faire des communications sur les exigences d&#039;accessibilité (article 10.2.a du RD 1112/2018) telles que :</p>

<ul class="wp-block-list">
<li>Signaler toute violation potentielle de ce site Web</li>

<li>Transmettre d&#039;autres difficultés d&#039;accès au contenu</li>

<li>Faites toute autre question ou suggestion d&#039;amélioration concernant l&#039;accessibilité du site Web via le formulaire de contact sur ce site Web ou via le numéro de téléphone </li>
</ul>

<p>Vous pouvez présenter :</p>

<ul class="wp-block-list">
<li>Plainte concernant le respect des exigences du RD 1112/2018</li>

<li>Demande d&#039;information accessible concernant :
<ul class="wp-block-list">
<li>Contenus exclus du champ d&#039;application du RD 1112/2018 conformément à ce qui est établi à l&#039;article 3, section 4</li>

<li>Contenu exempté de la conformité aux exigences d&#039;accessibilité pour imposer une charge disproportionnée</li>

<li>La demande d’information accessible doit clairement énoncer les faits, les raisons et la demande afin d’établir qu’il s’agit d’une demande raisonnable et légitime.</li>
</ul>
</li>
</ul>

<p>Les plaintes et réclamations concernant les informations accessibles seront faites via le siège électronique (<a href="https://sede.red.gob.es/procedimientos/quejas-y-sugerencias" target="_blank" rel="noopener"><strong>https://sede.red.gob.es/procedimientos/quejas-y-sugerencias</strong></a>), et seront reçues et traitées par le département des Systèmes d&#039;Information de Red.es.</p>

<p><strong>Contenu facultatif</strong></p>

<ul class="wp-block-list">
<li>Pour modifier la taille de la police dans les principaux navigateurs graphiques, utilisez les menus suivants :</li>

<li>Safari : Affichage &gt; Agrandir le texte</li>

<li>Chrome : Contrôler la page actuelle &gt; Taille du texte</li>
</ul>

<p>Pour modifier la taille de tout sur la page :</p>

<ul class="wp-block-list">
<li>Ctrl++ pour l&#039;augmenter</li>

<li>Ctrl + – pour le diminuer</li>

<li>Ctrl + 0 restaure la taille du texte d&#039;origine</li>

<li>Si vous souhaitez remplacer la feuille de style ou modifier la couleur du texte, vous pouvez consulter la page Comment modifier la taille ou les couleurs du texte du WAI, qui peut être lue traduite en espagnol comme Comment modifier la taille ou les couleurs du texte ?</li>
</ul>
								</div>
				</div>
					</div>
				</div>
				</div>

<p>TARLÀ GIRONA SL s&#039;engage à rendre son site web accessible, conformément au Décret Royal 1112/2018 du 7 septembre relatif à l&#039;accessibilité des sites internet et des applications mobiles du secteur public. La présente déclaration d&#039;accessibilité s&#039;applique à ce site web. État de conformité : Ce site web est développé conformément au Décret Royal […]</p>
